f 408 and 1496.
136
Calculate the highest common factor of 312 and 260.
52
Calculate the greatest common divisor of 1183 and 676.
169
Calculate the highest common divisor of 20 and 55060.
20
What is the greatest common divisor of 16988 and 124?
124
What is the greatest common divisor of 80 and 380?
20
Calculate the highest common divisor of 64 and 592.
16
What is the greatest common divisor of 423 and 9?
9
Calculate the highest common factor of 6 and 1026.
6
What is the greatest common factor of 96 and 2004?
12
Calculate the greatest common factor of 4674 and 12.
6
What is the greatest common factor of 6725 and 1076?
269
What is the highest common divisor of 333 and 2109?
111
What is the greatest common factor of 14574 and 147?
21
Calculate the highest common divisor of 1564 and 136.
68
Calculate the greatest common factor of 1139 and 2479.
67
Calculate the greatest common divisor of 2210 and 13.
13
What is the greatest common divisor of 50 and 2560?
10
Calculate the greatest common factor of 40 and 80.
40
Calculate the highest common divisor of 17554 and 262.
262
Calculate the greatest common factor of 66 and 681.
3
What is the greatest common factor of 99 and 3?
3
Calculate the greatest common divisor of 187 and 209.
11
Calculate the highest common factor of 80 and 112.
16
Calculate the highest common divisor of 871 and 364.
13
What is the greatest common factor of 3540 and 480?
60
Calculate the greatest common factor of 8177 and 1105.
221
Calculate the highest common factor of 39 and 1079.
13
What is the highest common divisor of 50 and 650?
50
What is the greatest common divisor of 25 and 2600?
25
Calculate the greatest common divisor of 70 and 378.
14
Calculate the greatest common factor of 105 and 35.
35
What is the highest common divisor of 5362 and 2?
2
What is the highest common factor of 126 and 4088?
14
What is the highest common divisor of 2884 and 28?
28
Calculate the highest common divisor of 708 and 2301.
177
What is the highest common divisor of 627 and 437?
19
What is the greatest common divisor of 540 and 20?
20
Calculate the highest common divisor of 272 and 24.
8
What is the greatest common divisor of 450 and 48?
6
What is the greatest common divisor of 185 and 15?
5
Calculate the greatest common divisor of 110 and 2618.
22
Calculate the greatest common divisor of 6929 and 41.
41
Calculate the greatest common factor of 128 and 160.
32
Calculate the highest common divisor of 1134 and 84.
42
What is the greatest common factor of 121 and 88?
11
What is the highest common divisor of 510 and 136?
34
Calculate the greatest common factor of 110 and 47630.
110
Calculate the greatest common factor of 236 and 4.
4
What is the greatest common factor of 68 and 51?
17
What is the greatest common factor of 100 and 1750?
50
Calculate the highest common factor of 6896 and 256.
16
Calculate the greatest common divisor of 9 and 11355.
3
Calculate the greatest common factor of 1 and 251.
1
Calculate the greatest common divisor of 498 and 3818.
166
Calculate the greatest common factor of 1010 and 20.
10
What is the greatest common factor of 138 and 598?
46
What is the greatest common factor of 8 and 7432?
8
What is the highest common factor of 7028 and 28?
28
Calculate the highest common factor of 19131 and 21.
21
Calculate the highest common divisor of 8 and 68.
4
What is the greatest common factor of 7 and 4025?
7
What is the highest common divisor of 3519 and 9?
9
What is the greatest common divisor of 14 and 1778?
14
What is the greatest common divisor of 1320 and 16?
8
Calculate the highest common factor of 44 and 2838.
22
What is the greatest common factor of 126 and 333?
9
Calculate the highest common divisor of 120 and 41040.
120
Calculate the greatest common factor of 775 and 124.
31
What is the highest common factor of 112 and 182?
14
What is the highest common factor of 45 and 1215?
45
Calculate the greatest common factor of 195 and 377.
13
What is the greatest common factor of 945 and 225?
45
What is the highest common divisor of 1 and 9?
1
Calculate the greatest common divisor of 1242 and 432.
54
What is the greatest common divisor of 204 and 884?
68
Calculate the highest common factor of 567 and 3654.
63
What is the highest common divisor of 74 and 7622?
74
Calculate the greatest common factor of 1958 and 1342.
22
What is the highest common factor of 22 and 4?
2
What is the greatest common divisor of 77 and 33?
11
What is the highest common divisor of 2070 and 135?
45
What is the greatest common factor of 297 and 22?
11
What is the greatest common factor of 192 and 3?
3
What is the greatest common divisor of 30 and 80?
10
What is the greatest common divisor of 85 and 25?
5
Calculate the highest common divisor of 45 and 8055.
45
What is the highest common divisor of 554 and 10?
2
What is the greatest common factor of 176 and 187?
11
What is the greatest common factor of 7749 and 567?
189
What is the greatest common divisor of 1387 and 803?
73
What is the highest common divisor of 30940 and 119?
119
Calculate the highest common divisor of 1176 and 798.
42
Calculate the highest common divisor of 26 and 3146.
26
Calculate the highest common divisor of 133 and 1710.
19
Calculate the highest common factor of 232 and 58.
58
What is the greatest common factor of 156 and 84?
12
Calculate the highest common divisor of 168 and 4.
4
Calculate the greatest common factor of 30 and 230.
10
Calculate the highest common factor of 2244 and 660.
132
What is the highest common factor of 12 and 252?
12
What is the greatest common divisor of 946 and 132?
22
What is the highest common factor of 231 and 168?
21
What is the highest common factor of 25776 and 144?
144
What is the greatest common factor of 716 and 28?
4
What is the highest common divisor of 20 and 4?
4
What is the greatest common factor of 197 and 8471?
197
Calculate the greatest common divisor of 20 and 860.
20
What is the highest common factor of 832 and 272?
16
Calculate the greatest common factor of 61 and 488.
61
What is the highest common divisor of 6266 and 26?
26
What is the greatest common divisor of 4 and 2452?
4
Calculate the highest common divisor of 2810 and 30.
10
Calculate the highest common divisor of 57 and 228.
57
What is the highest common divisor of 1007 and 38?
19
What is the greatest common factor of 292 and 12?
4
What is the highest common divisor of 910 and 105?
35
Calculate the greatest common divisor of 5115 and 165.
165
Calculate the highest common divisor of 6 and 15.
3
Calculate the greatest common divisor of 1450 and 58.
58
What is the greatest common factor of 32 and 64?
32
What is the highest common divisor of 91 and 39?
13
What is the highest common divisor of 340 and 40?
20
What is the greatest common divisor of 224 and 128?
32
What is the highest common divisor of 67 and 7102?
67
Calculate the highest common divisor of 304 and 646.
38
What is the highest common divisor of 24 and 3000?
24
Calculate the highest common factor of 2460 and 533.
41
Calculate the highest common factor of 44 and 100.
4
What is the greatest common divisor of 27 and 45?
9
Calculate the highest common factor of 5835 and 5.
5
Calculate the greatest common factor of 8 and 22.
2
Calculate the greatest common divisor of 101 and 2929.
101
Calculate the greatest common divisor of 1921 and 339.
113
Calculate the highest common divisor of 23 and 483.
23
Calculate the highest common factor of 559 and 26.
13
What is the greatest common factor of 20 and 90?
10
Calculate the greatest common factor of 2204 and 174.
58
What is the greatest common divisor of 3255 and 168?
21
Calculate the highest common divisor of 9653 and 49.
49
Calculate the greatest common divisor of 11253 and 2178.
363
What is the greatest common divisor of 9996 and 42?
42
What is the highest common factor of 41225 and 51?
17
What is the greatest common divisor of 25 and 32?
1
What is the highest common divisor of 336 and 3584?
112
Calculate the highest common factor of 150 and 2350.
50
What is the greatest common divisor of 132 and 56232?
132
Calculate the greatest common divisor of 225 and 150.
75
Calculate the highest common divisor of 2 and 1094.
2
Calculate the greatest common factor of 10000 and 80.
80
Calculate the